is divided by m?
4
Let y = -15 + 25. Let w = 30 + y. What is the remainder when w is divided by 13 + (0 - -1 - 0)?
12
Let p(r) = 2*r + 19. Calculate the remainder when p(4) is divided by 7.
6
Suppose 0 = -4*w - w - o + 159, 144 = 4*w + 5*o. Suppose -4*t + 28 = -3*t - 4*z, 0 = -2*t - z + 29. What is the remainder when w is divided by t?
15
Let c = 0 - -1. Let p = c + 3. Suppose -52 = -5*w + p*f, -4*f + 12 = w - 8. What is the remainder when w is divided by 7?
5
Suppose 0*y + y + 2*a - 10 = 0, 0 = -3*y + 4*a + 80. Calculate the remainder when 56 is divided by y.
16
Suppose -2*j + 4 - 6 = 0, 3*j + 128 = 5*x. Calculate the remainder when x is divided by 7.
4
Let z(s) = 3*s**2 + s - s**2 - 2*s + s**2. Let a be z(1). Suppose -4*r + 32 = a*f + 4, -3*r = -4*f + 23. What is the remainder when 30 is divided by f?
6
Let x(n) = n**2 + 11*n - 7. Let o be x(-12). Suppose -o*f + 4 = -6. Suppose 7*k - f*k - 5 = 0. What is the remainder when k is divided by 1?
0
Suppose 0 = -0*n + 2*n - 22. Calculate the remainder when -3 + 4/8*46 is divided by n.
9
Suppose -t + 26 = -0*t. Suppose -4*b = -2*u + 60, 5 = b - 2*b. Let h = -6 + u. What is the remainder when t is divided by h?
12
Let s(x) = 4*x**2 - 6*x + 12. Calculate the remainder when 43 is divided by s(2).
11
Calculate the remainder when 12 is divided by 1 + 2 - (-2 + -2).
5
Suppose 2*k = -2*k - 680. Let u = -117 - k. Calculate the remainder when u is divided by 18.
17
Let k(s) = 33*s**2 - 2*s - 1. Let m be k(-2). Suppose m = g + 4*g. What is the remainder when g is divided by 10?
7
Calculate the remainder when 91 is divided by (15/(-20))/((-9)/168).
7
Let r = 13 - -9. Calculate the remainder when r is divided by 6.
4
Let m = 16 - -20. Let i be (4/(-6))/((-5)/15). Calculate the remainder when m is divided by 19*(-1)/i*-2.
17
Let b = -7 - -75. Suppose 5*q = 5*r, -2*r + 5*q = 4 + 8. Suppose r*u + 0*c = 4*c + 64, -5*u + 2*c + b = 0. What is the remainder when 35 is divided by u?
11
Let g = 76 + -56. What is the remainder when 137 is divided by g?
17
Let k(v) = v**3 + 8*v**2 + 8*v - 2. Calculate the remainder when k(-6) is divided by 6.
4
Let s = 52 - 19. Calculate the remainder when s is divided by 7.
5
What is the remainder when 3/((-2)/((-40)/12)) is divided by 4?
1
Let w(i) = -7*i - 6. What is the remainder when w(-4) is divided by 12?
10
Suppose 4*o = -0*o - x + 32, -o + 8 = -2*x. What is the remainder when (12 - 1)*(-2)/(-1) is divided by o?
6
Suppose 0 = -y - 3*y + 32. Calculate the remainder when (1 + (-12)/y)*-56 is divided by 10.
8
Let s(g) be the third derivative of 0 - 1/60*g**5 + 5*g**3 - 2*g**2 + 0*g + 1/24*g**4 - 1/120*g**6. Calculate the remainder when s(0) is divided by 16.
14
Let y = -8 - -20. What is the remainder when 57 is divided by y?
9
Let a(n) = n**3 - 7*n**2 - 8*n + 5. Suppose h + 24 = -3*h. Let t(j) = -3*j - 9. Calculate the remainder when t(h) is divided by a(8).
4
Let u(s) = -4*s**3 + 5*s**3 + 11 + 0*s**3 - s**2. Suppose -15 = -l - 3*z, 0*l + 3*l - 61 = -z. Calculate the remainder when l is divided by u(0).
10
Let k(n) = 2*n**3 - 4*n**2 + 3*n - 2. Suppose 7*d = 4*d + 39. Calculate the remainder when k(3) is divided by d.
12
Let j(l) = l - 1. Let z be j(4). What is the remainder when (-5)/(-3)*(-2 + 5) is divided by z/((-1)/(1 - 2))?
2
Let z(h) = -h**3 - 3*h**2 + 3*h - 4. Let a be z(-4). Suppose 20 = -3*r + 7*r. Suppose a*p + 245 = r*p. What is the remainder when p is divided by 17?
15
Suppose 5*m + 53 - 223 = 0. What is the remainder when m is divided by 9?
7
Suppose -2*k - 4*h + 3 = -5, 2*h = -5*k + 60. Let v = 46 - 22. What is the remainder when v is divided by k?
10
Suppose 85 = l + 4*l. Calculate the remainder when (-1519)/(-49) - 4/(-2) is divided by l.
16
Let c(l) = l**3 - l + 3. Let z be c(-3). Let g(x) = 4*x - 2. Calculate the remainder when g(3) is divided by (-3 - z)*(-2)/(-6).
4
Let c = 70 - 56. What is the remainder when 37 is divided by c?
9
Let l = 26 + -19. Calculate the remainder when 39 is divided by l.
4
Let a be 8 - -1 - 0 - 0. Suppose a = d - 11. Let u = -205 + 216. What is the remainder when d is divided by u?
9
Suppose -5*l = -r - 42, -26 = -l - l + 5*r. Suppose -3*p + 5*p - 42 = 0. What is the remainder when p is divided by l?
5
Let a = -11 + 19. Suppose -4 = -3*u + h, 2*u - 5 = 3*h + 7. Suppose u*l - 71 = -2*l + 5*i, 61 = 2*l - 3*i. What is the remainder when l is divided by a?
7
Suppose -z - 10 = -2*z. What is the remainder when 41 is divided by z/15 - 31/(-3)?
8
Suppose 0 = 5*c - 4*x + 2, -4*x + 22 = 3*c + 2*c. Suppose 6*k = c*k + 36. Calculate the remainder when 15 is divided by k.
6
Let j(b) = -2*b**2 - 25*b + 6. What is the remainder when 32 is divided by j(-12)?
14
Suppose 0*m - 4*m = 16. Let r = m - -4. Suppose r = h - 5, -2*c - 1 = -4*h + 1. What is the remainder when c is divided by 3?
0
Let x = 12 - 11. Calculate the remainder when 6 is divided by x.
0
Let l be 3/(1 + -4 - -4). Let g = l - -14. Let j(q) = -q**3 - 5*q**2 + 6*q + 9. Calculate the remainder when g is divided by j(-6).
8
Suppose -2*z - 50 = 5*m - 0*z, -2*m = z + 21. Let l = 0 - m. Calculate the remainder when l is divided by 5.
3
Let d = -16 - -14. What is the remainder when 22 is divided by 3/d + (-30)/(-4)?
4
Let b(d) = -11*d + 4. Calculate the remainder when b(-2) is divided by (-6)/9*21/(-2).
5
Suppose -5*v = -2*w - 347, -2*w = 2*v + 138 + 230. Let x = w + 253. Suppose x = 4*t - 4*l, l - 70 = -5*t + 2*l. What is the remainder when 25 is divided by t?
12
Let m be (-1 - (-3)/(-2))*-2. Suppose m*p + 12 = -8. What is the remainder when 3 - p/((-8)/(-70)) is divided by 13?
12
Let c = -45 + 90. Calculate the remainder when c is divided by 16.
13
Suppose 2*i - 15 + 59 = w, 5*w = 4*i + 226. What is the remainder when w is divided by 17?
12
Suppose 5*f = 5 + 10. Suppose -3*w = 3*z + 2*w - 2, 0 = z - f*w - 24. What is the remainder when (-174)/(-9) + 6/z is divided by 7?
6
Suppose 0 = 2*m - 10, g - 2 = m - 0. Let j be (2 - (-2 + 7)) + 1. Let v = g + j. What is the remainder when 9 is divided by v?
4
Suppose -126 = 4*y - 7*y. Suppose -4*f = -5*x - 145, -2*x = 6*f - 2*f - 110. Let g = y - f. What is the remainder when 34 is divided by g?
10
Suppose -4*t = 3*j - 2*t, 0 = 5*j - 2*t. Suppose h + 1 = j, h = 4*n - 6 - 91. Calculate the remainder when n is divided by 13.
11
Suppose 0*d = -2*d + 42. Calculate the remainder when d is divided by 6.
3
Let c(w) be the second derivative of w**3/3 + 17*w**2/2 - 5*w. Let d(s) = 2*s**2 - 1. Calculate the remainder when d(-2) is divided by c(-7).
1
Let h(y) = -4*y**3 - 2*y - 1. Let q be h(-1). Suppose 3*g + 454 = -q*f, -f = -4*f - 5*g - 282. Let k = f + 145. What is the remainder when k is divided by 19?
18
Let p = -121 + 187. Suppose -61 = -3*m + 8. What is the remainder when p is divided by m?
20
Suppose -135 = -5*g + 4*g + 4*n, -4*g = 4*n - 620. What is the remainder when g is divided by 22?
19
What is the remainder when 187 is divided by ((-30)/20)/(3/(-54))?
25
Let a(v) = 24*v + 23. What is the remainder when a(6) is divided by 42?
41
Let j(g) = -8*g - 97. What is the remainder when 55 is divided by j(-14)?
10
Calculate the remainder when (0 - (-6)/(-9))/((-11)/1122) is divided by 18.
14
Let m(a) = a + 6. Let v be m(-6). Let f(g) = g**3 - g**2 + 6. What is the remainder when 15 is divided by f(v)?
3
Suppose 6*o - 7*o + 17 = 0. What is the remainder when o is divided by 5?
2
Let q be (-2)/(-1) + (1 - -1). Suppose -2*s + 0*s = -q. Suppose -c = -s*c + 36. What is the remainder when c is divided by 13?
10
Let z be (0 + 90/(-21))*7. Suppose -2*w - y = -76, -2*y - 189 = -5*w - 4*y. Calculate the remainder when w is divided by (z/2)/((-6)/4).
7
Let a = -15 - -24. What is the remainder when 35 is divided by a?
8
Suppose -5*h + 139 = 24. Suppose -2*l + h + 120 = -q, -54 = -l + 4*q. Calculate the remainder when l is divided by 25.
24
Suppose -4*h + 9 = -11. Suppose -5*z + 55 = h*m, -3*z = 2*m - 24 + 4. Let p = 111 - 74. What is the remainder when p is divided by m?
11
Suppose 0 = y - 2*y + 4. Let h be y - 2/(2/2). Let c(p) = 3*p**3 - 4*p**2 + 4*p - 2. Calculate the remainder when 26 is divided by c(h).
12
Suppose 17 = v - 3*r, -4*r - 11 - 15 = -3*v. Calculate the remainder when ((-28)/12)/(1/(-3)) is divided by v.
1
Let x be 0/(-2) - (-2 + 4). Let g(o) = 3*o**2 - 